tor of 16680 and 3840?
120
Calculate the greatest common factor of 2124 and 14.
2
What is the highest common factor of 51 and 45271?
17
Calculate the highest common factor of 20488 and 12.
4
Calculate the highest common divisor of 345608 and 8.
8
Calculate the highest common factor of 310297 and 52.
13
Calculate the highest common factor of 30 and 203310.
30
What is the greatest common divisor of 1485 and 7515?
45
What is the highest common factor of 279585 and 1090?
545
What is the highest common factor of 10896 and 1135?
227
What is the highest common factor of 86 and 7654?
86
Calculate the highest common divisor of 187 and 43021.
11
What is the greatest common factor of 9204 and 130884?
156
What is the highest common factor of 11690 and 490?
70
Calculate the greatest common divisor of 63543 and 118.
59
Calculate the greatest common factor of 206199 and 42.
21
What is the greatest common divisor of 30 and 302620?
10
What is the greatest common divisor of 646 and 392179?
19
Calculate the greatest common factor of 4 and 3226628.
4
What is the highest common factor of 60 and 2716040?
20
What is the highest common divisor of 91874 and 142?
142
What is the greatest common divisor of 4434810 and 20?
10
Calculate the highest common factor of 1760 and 44.
44
What is the highest common divisor of 376 and 701992?
376
Calculate the greatest common divisor of 141160 and 12.
4
Calculate the highest common factor of 370 and 319070.
10
Calculate the greatest common divisor of 4739 and 2079.
7
Calculate the greatest common divisor of 426 and 120558.
426
Calculate the greatest common factor of 480305 and 154.
7
Calculate the highest common factor of 126831 and 402.
201
What is the highest common divisor of 5226 and 11859?
201
Calculate the greatest common divisor of 60 and 39645.
15
What is the highest common divisor of 1565 and 20?
5
Calculate the greatest common factor of 97408 and 1408.
128
What is the highest common factor of 3948 and 2303?
329
Calculate the highest common divisor of 44 and 2183588.
44
What is the highest common divisor of 1311336 and 36?
36
What is the greatest common factor of 144 and 3177?
9
Calculate the greatest common factor of 68356 and 184.
92
What is the greatest common divisor of 344619 and 1584?
99
Calculate the highest common divisor of 579061 and 28.
7
Calculate the highest common factor of 574273 and 7.
7
What is the highest common factor of 11856 and 22542?
78
Calculate the highest common divisor of 1250 and 4050.
50
What is the highest common factor of 42406 and 182?
182
What is the highest common factor of 352 and 358864?
176
What is the greatest common divisor of 21280 and 15360?
160
Calculate the greatest common divisor of 671672 and 2712.
904
Calculate the greatest common divisor of 825 and 10450.
275
Calculate the greatest common divisor of 80 and 506185.
5
Calculate the greatest common factor of 40764 and 4128.
516
What is the greatest common factor of 206 and 49234?
206
What is the greatest common divisor of 173888 and 1368?
152
Calculate the greatest common divisor of 475 and 11900.
25
Calculate the greatest common factor of 449 and 1895678.
449
Calculate the greatest common divisor of 114870 and 1050.
210
Calculate the greatest common divisor of 240 and 2864592.
48
What is the highest common factor of 4888 and 10904?
376
What is the greatest common factor of 5595 and 585?
15
Calculate the greatest common factor of 142 and 1294.
2
What is the greatest common factor of 38178 and 124432?
1414
What is the highest common divisor of 23901 and 9672?
93
Calculate the greatest common factor of 10336 and 418.
38
What is the highest common factor of 2674 and 10505?
191
What is the greatest common factor of 8814 and 174246?
678
Calculate the greatest common divisor of 27438 and 19023.
51
Calculate the highest common divisor of 681 and 1644842.
227
What is the highest common factor of 2160 and 34704?
144
What is the greatest common factor of 8 and 8231?
1
Calculate the greatest common divisor of 74384 and 2384.
16
What is the greatest common factor of 564 and 2917384?
188
What is the highest common factor of 23 and 11062?
1
What is the highest common factor of 451 and 143?
11
Calculate the greatest common divisor of 380412 and 612.
36
Calculate the highest common factor of 7758 and 828.
18
Calculate the greatest common factor of 3216 and 938.
134
Calculate the greatest common divisor of 3 and 634695.
3
What is the highest common factor of 23973 and 427?
61
What is the highest common divisor of 72 and 4932?
36
Calculate the greatest common factor of 84 and 49308.
84
Calculate the highest common factor of 6 and 254.
2
Calculate the highest common divisor of 3973 and 841.
29
What is the greatest common factor of 5000 and 15200?
200
Calculate the highest common divisor of 16227 and 3537.
27
What is the greatest common divisor of 70122 and 1116?
186
What is the highest common divisor of 26946 and 270?
54
What is the highest common divisor of 425091 and 3?
3
Calculate the highest common factor of 29925 and 2025.
225
What is the highest common factor of 181496 and 728?
56
What is the greatest common divisor of 24 and 925416?
24
What is the highest common divisor of 21 and 662312?
7
Calculate the highest common divisor of 5401 and 352.
11
Calculate the greatest common divisor of 352 and 13178.
22
Calculate the greatest common divisor of 35476 and 5096.
196
What is the greatest common divisor of 53739 and 315?
63
What is the greatest common factor of 732 and 768844?
244
Calculate the greatest common factor of 44352 and 24768.
576
What is the greatest common divisor of 700 and 3764950?
350
What is the highest common factor of 813 and 258?
3
Calculate the highest common factor of 75538 and 6752.
422
Calculate the greatest common divisor of 6399 and 123082.
79
Calculate the highest common factor of 1166 and 477.
53
What is the highest common divisor of 1007752 and 1648?
824
Calculate the greatest common divisor of 864 and 81312.
96
Calculate the greatest common divisor of 5625 and 640125.
1125
Calculate the greatest common divisor of 517109 and 23.
23
What is the highest common factor of 1113 and 66727?
53
What is the highest common divisor of 322 and 365834?
14
What is the greatest common factor of 2255 and 25630?
55
Calculate the highest common divisor of 505609 and 19.
19
Calculate the highest common divisor of 16065 and 104482.
119
Calculate the greatest common divisor of 71 and 39547.
71
What is the highest common factor of 1666 and 91154?
238
What is the greatest common factor of 232736 and 288?
32
What is the greatest common factor of 2373630 and 20?
10
Calculate the greatest common divisor of 772368 and 144.
48
Calculate the greatest common divisor of 31559 and 4379.
151
What is the greatest common factor of 7146 and 468460?
794
Calculate the greatest common factor of 1156785 and 21.
21
What is the greatest common factor of 192 and 84?
12
Calculate the highest common divisor of 189 and 224.
7
What is the greatest common divisor of 71022 and 190?
38
What is the highest common factor of 626075 and 125?
25
What is the highest common factor of 2140897 and 47?
47
Calculate the highest common divisor of 210864 and 96.
48
Calculate the greatest common divisor of 55 and 546821.
11
Calculate the greatest common factor of 5372 and 3247.
17
What is the highest common divisor of 1679 and 1168?
73
What is the greatest common factor of 392 and 4336?
8
Calculate the highest common divisor of 184 and 5267.
23
Calculate the highest common factor of 1432920 and 30.
30
Calculate the greatest common divisor of 4067323 and 410.
41
What is the greatest common divisor of 3342 and 18?
6
What is the greatest common factor of 811825 and 21?
7
Calculate the greatest common divisor of 10260 and 599868.
684
What is the greatest common factor of 870 and 479022?
174
Calculate the greatest common divisor of 1805 and 150898.
361
What is the greatest common factor of 190 and 33155?
95
What is the greatest common factor of 176 and 22496?
16
Calculate the greatest common divisor of 575787 and 3.
3
Calculate the greatest common divisor of 63720 and 90.
90
Calculate the greatest common divisor of 1158549 and 387.
129
Calculate the greatest common factor of 1644 